735 and 2718933.
21
Calculate the greatest common factor of 11825903 and 43.
43
Calculate the greatest common divisor of 1134 and 628446.
42
Calculate the greatest common divisor of 444 and 919783.
37
Calculate the highest common factor of 939675 and 74085.
165
Calculate the greatest common divisor of 71 and 8547761.
71
Calculate the highest common factor of 234297 and 12159.
63
Calculate the greatest common divisor of 327 and 47211.
3
What is the highest common factor of 22437428 and 12896?
1612
What is the highest common factor of 2249242 and 2365282?
1934
What is the highest common divisor of 9568 and 963344?
16
What is the highest common factor of 3990 and 3718281?
399
Calculate the highest common divisor of 2639132 and 32.
4
Calculate the greatest common divisor of 52660 and 62180.
20
Calculate the greatest common factor of 9833 and 318402373.
9833
Calculate the highest common factor of 404550 and 2666.
62
Calculate the greatest common divisor of 9853 and 122779.
59
What is the greatest common divisor of 120 and 28108680?
120
What is the greatest common factor of 139001208 and 80?
8
Calculate the greatest common divisor of 15 and 73992495.
15
What is the highest common factor of 205037 and 260253?
119
What is the highest common divisor of 64030399 and 1121?
1121
What is the highest common divisor of 9 and 940096413?
9
Calculate the greatest common factor of 37892439 and 351.
117
What is the greatest common divisor of 19043085 and 3345?
3345
What is the greatest common divisor of 168 and 25010664?
168
Calculate the greatest common factor of 339 and 88112541.
339
What is the highest common divisor of 469 and 8746314?
67
Calculate the greatest common factor of 20660 and 40439884.
4132
Calculate the greatest common factor of 4229458 and 356.
178
Calculate the highest common divisor of 695320 and 6830.
10
Calculate the greatest common divisor of 6874575 and 135.
15
What is the highest common factor of 22 and 2625359?
11
What is the highest common factor of 12958671 and 19899?
2211
What is the highest common factor of 270 and 4555510?
10
What is the greatest common divisor of 108235373 and 1046?
523
Calculate the greatest common factor of 1860590 and 1200305.
335
Calculate the greatest common divisor of 1920 and 2471403840.
960
Calculate the highest common factor of 49634 and 22825.
83
Calculate the greatest common divisor of 162169640 and 10960.
5480
Calculate the greatest common factor of 11679 and 853638.
51
What is the highest common factor of 2646572 and 45444?
2164
What is the greatest common divisor of 600299391 and 12354?
6177
Calculate the greatest common factor of 58321289 and 1742.
871
What is the greatest common divisor of 1376 and 662372?
172
Calculate the highest common factor of 161758 and 11098.
62
Calculate the highest common divisor of 1629350 and 4450.
50
What is the highest common factor of 4142704 and 832?
16
What is the greatest common divisor of 28927612 and 3232?
404
Calculate the highest common divisor of 252486245 and 11.
11
What is the highest common factor of 5642 and 7249970?
5642
Calculate the highest common divisor of 3153761 and 1261.
1261
Calculate the highest common factor of 890 and 20494030.
890
What is the highest common divisor of 15340577 and 21568?
337
What is the greatest common factor of 90 and 118191?
3
Calculate the greatest common divisor of 4575 and 579660.
15
Calculate the highest common divisor of 2282837 and 423.
47
Calculate the greatest common divisor of 246856650 and 375.
75
Calculate the highest common divisor of 245 and 17805179.
49
Calculate the highest common factor of 55 and 4029580.
5
What is the greatest common factor of 255706 and 40161?
11
Calculate the highest common factor of 2447 and 2134686943.
2447
Calculate the greatest common factor of 2560 and 1719670.
10
What is the highest common factor of 285632 and 134208?
64
What is the highest common factor of 6162 and 2179169733?
3081
What is the greatest common divisor of 3052114 and 26?
26
Calculate the greatest common factor of 1225 and 20011025.
25
What is the greatest common divisor of 1250 and 93350?
50
Calculate the highest common factor of 352 and 10862390.
22
Calculate the greatest common divisor of 2426793772 and 76.
76
What is the greatest common divisor of 11547560 and 3910?
10
Calculate the greatest common divisor of 2306 and 143364.
2
What is the greatest common factor of 48 and 2918687760?
48
Calculate the highest common divisor of 689076 and 2178.
18
What is the greatest common factor of 984 and 9764232?
984
Calculate the greatest common factor of 13970 and 1786763.
1397
What is the greatest common factor of 301211960 and 1400?
280
What is the greatest common divisor of 2386417 and 187?
11
What is the highest common factor of 413442 and 9292410?
4014
Calculate the highest common factor of 16137 and 7.
1
Calculate the highest common divisor of 4 and 79906.
2
Calculate the greatest common factor of 10652556 and 4260.
852
Calculate the greatest common divisor of 129 and 339828.
3
What is the highest common divisor of 32 and 14598384?
16
What is the highest common factor of 91 and 61117735?
7
What is the highest common divisor of 4254140 and 4880?
1220
Calculate the highest common divisor of 1539 and 1719.
9
What is the greatest common factor of 13 and 10312198?
13
What is the highest common factor of 2276054 and 1606?
22
What is the highest common factor of 96898868 and 254732?
5924
Calculate the highest common divisor of 62 and 3071914.
62
What is the greatest common factor of 4042 and 2425673?
43
What is the greatest common factor of 243 and 243677889?
81
What is the greatest common factor of 130 and 306891?
13
What is the highest common factor of 1125838 and 15022?
406
What is the highest common factor of 78228 and 5820?
12
What is the highest common divisor of 2690292 and 52?
4
Calculate the highest common factor of 744 and 888384.
24
What is the greatest common divisor of 338 and 78302?
2
What is the greatest common divisor of 7 and 50951?
1
Calculate the highest common factor of 5193209 and 1813.
259
What is the highest common divisor of 35489 and 146257?
23
What is the greatest common divisor of 4726 and 959656?
278
What is the greatest common divisor of 32403206 and 13634?
802
Calculate the highest common divisor of 13968549 and 42.
21
What is the greatest common divisor of 66813 and 26823?
3
What is the highest common factor of 305758112 and 10848?
3616
Calculate the highest common divisor of 4962273 and 7199.
23
What is the highest common divisor of 9635743 and 1676?
419
Calculate the highest common factor of 667 and 5676469.
23
Calculate the highest common divisor of 344153792 and 23608.
1816
Calculate the greatest common factor of 398450 and 15600.
650
What is the highest common divisor of 230613023 and 4749?
1583
What is the highest common divisor of 326453623 and 431?
431
Calculate the highest common factor of 1235794098 and 462.
462
Calculate the greatest common divisor of 44 and 86479426.
22
Calculate the greatest common factor of 381138552 and 837.
279
What is the greatest common factor of 1206545860 and 44265?
14755
Calculate the highest common divisor of 1638740 and 12.
4
Calculate the greatest common divisor of 1540 and 7569980.
220
What is the greatest common factor of 139 and 27663363?
139
What is the greatest common factor of 393 and 562239948?
393
Calculate the greatest common factor of 82505688 and 152.
8
What is the highest common factor of 4145031 and 2985906?
9273
What is the greatest common divisor of 210 and 31019576?
14
What is the greatest common divisor of 5863932 and 171?
171
What is the greatest common factor of 12095342 and 98?
14
Calculate the highest common divisor of 1541688 and 4392.
24
Calculate the greatest common factor of 3880 and 830.
10
What is the greatest common divisor of 23811141 and 3?
3
What is the greatest common factor of 5458334 and 504?
14
What is the highest common divisor of 8241111 and 2353?
181
What is the highest common divisor of 9669 and 52206?
33
What is the greatest common divisor of 16082332 and 91?
7
What is the highest common factor of 661 and 298056137?
661
Calculate the greatest common divisor of 36765 and 5247591.
2451
Calculate the greatest common 